{"id":5601,"date":"2016-01-25T15:19:24","date_gmt":"2016-01-25T14:19:24","guid":{"rendered":"http:\/\/www.miomente.de\/entdeckermagazin\/?page_id=5601"},"modified":"2019-10-21T13:37:15","modified_gmt":"2019-10-21T11:37:15","slug":"eventlocations-in-karlsruhe","status":"publish","type":"page","link":"https:\/\/www.miomente.de\/entdeckermagazin\/eventlocations-in-karlsruhe\/","title":{"rendered":"Eventlocations in Karlsruhe"},"content":{"rendered":"<section class=\"l-section wpb_row height_medium\"><div class=\"l-section-h i-cf\"><div class=\"g-cols vc_row via_flex valign_top type_default stacking_default\"><div class=\"vc_col-sm-12 wpb_column vc_column_container\"><div class=\"vc_column-inner\"><div class=\"wpb_wrapper\"><div class=\"wpb_text_column\"><div class=\"wpb_wrapper\"><h2>UNSERE EVENTLOCATIONS UND KOCHSCHULEN IN KARLSRUHE<\/h2>\n<p><span style=\"font-weight: 400;\">Lust auf ein paar prall gef\u00fcllte Genussstunden? Wir haben Weinproben, Sensorik-Seminare, Gin-Tastings, Barista-Kurse oder Backkurse in den besten Eventlocations in Karlsruhe f\u00fcr dich. Unsere <a href=\"https:\/\/www.miomente.de\/karlsruhe\/genuss-kategorien\/kochkurse\">Kochkurse in Karlsruhe<\/a> versorgen dich mit Food-Trends, brandhei\u00dfen K\u00fcchen-News, Tipps und Tricks aus der Gastro-Szene, erfrischenden Rezept-Ideen, einer entspannten Atmosph\u00e4re in stimmigem Ambiente! Erweitere bei uns deinen Koch- und Genuss-Horizont, lerne andere Freizeitk\u00f6che kennen und entdecke neue Lieblingsl\u00e4den. \u00a0<\/span><\/p>\n<\/div><\/div><div class=\"g-cols wpb_row via_flex valign_top type_default stacking_default\"><div class=\"vc_col-sm-12 wpb_column vc_column_container\"><div class=\"vc_column-inner\"><div class=\"wpb_wrapper\"><div class=\"w-grid type_grid layout_38703 cols_3 overflow_hidden\" id=\"us_grid_1\" data-filterable=\"true\"><style>#us_grid_1 .w-grid-item{padding:1rem}#us_grid_1 .w-grid-list{margin:-1rem}.w-grid + #us_grid_1 .w-grid-list,.w-grid-none + #us_grid_1 .w-grid-list{margin-top:1rem}@media (max-width:899px){#us_grid_1 .w-grid-item{width:50%}}@media (max-width:599px){#us_grid_1 .w-grid-list{margin:0}#us_grid_1 .w-grid-item{width:100%;padding:0;margin-bottom:1rem}}.layout_38703 .w-grid-item-h{background:#ffffff;color:#444444;border-radius:0.3rem;box-shadow:0 0.03rem 0.06rem rgba(0,0,0,0.1),0 0.1rem 0.3rem rgba(0,0,0,0.1);transition-duration:0.3s}.no-touch .layout_38703 .w-grid-item-h:hover{box-shadow:0 0.12rem 0.24rem rgba(0,0,0,0.1),0 0.4rem 1.2rem rgba(0,0,0,0.15);z-index:4}.layout_38703 .usg_post_content_1{text-align:center!important}<\/style><div class=\"w-grid-list\">\t<article class=\"w-grid-item post-18259 post type-post status-publish format-standard has-post-thumbnail hentry category-eventlocations-in-karlsruhe tag-barista tag-kaffee tag-latte-art\" data-id=\"18259\">\n\t\t<div class=\"w-grid-item-h\">\n\t\t\t\t\t\t<div class=\"w-post-elm post_image usg_post_image_1 stretched\"><a href=\"https:\/\/www.miomente.de\/entdeckermagazin\/style-5-showroom-eventlocation-in-karlsruhe\/\" aria-label=\"Style 5 Showroom \u2013 Eventlocation in Karlsruhe\"><img width=\"600\" height=\"400\" src=\"https:\/\/www.miomente.de\/entdeckermagazin\/wp-content\/uploads\/2016\/03\/miomente-partner-karlsruhe-style-5-location-600x400.jpg\" class=\"attachment-us_600_400_crop size-us_600_400_crop wp-post-image\" alt=\"Eventlocation und Kochschule Style 5 von Markus Zolloch in Karlsruhe\" decoding=\"async\" loading=\"lazy\" srcset=\"https:\/\/www.miomente.de\/entdeckermagazin\/wp-content\/uploads\/2016\/03\/miomente-partner-karlsruhe-style-5-location-600x400.jpg 600w, https:\/\/www.miomente.de\/entdeckermagazin\/wp-content\/uploads\/2016\/03\/miomente-partner-karlsruhe-style-5-location-300x199.jpg 300w\" sizes=\"(max-width: 600px) 100vw, 600px\" \/><\/a><\/div><div class=\"w-vwrapper usg_vwrapper_1 align_left valign_top\"><h2 class=\"w-post-elm post_title usg_post_title_1 align_center entry-title color_link_inherit\"><a href=\"https:\/\/www.miomente.de\/entdeckermagazin\/style-5-showroom-eventlocation-in-karlsruhe\/\">Style 5 Showroom \u2013 Eventlocation in Karlsruhe<\/a><\/h2><div class=\"w-post-elm post_content usg_post_content_1\">Mitten in der Innenstadt befindet sich der trendige Laden rund um schicke Designerm\u00f6bel, tollen Wohnaccessoirs und auch professionelle Kochmesser aus Japan. Das&hellip;<\/div><\/div>\t\t<\/div>\n\t<\/article>\n\t<article class=\"w-grid-item post-13127 post type-post status-publish format-standard has-post-thumbnail hentry category-eventlocations-in-karlsruhe\" data-id=\"13127\">\n\t\t<div class=\"w-grid-item-h\">\n\t\t\t\t\t\t<div class=\"w-post-elm post_image usg_post_image_1 stretched\"><a href=\"https:\/\/www.miomente.de\/entdeckermagazin\/weingut-neuspergerhof-eventlocation\/\" aria-label=\"Vinothek Weingut Neuspergerhof \u2013 Eventlocation in der N\u00e4he von Karlsruhe und Mannheim\"><img width=\"600\" height=\"400\" src=\"https:\/\/www.miomente.de\/entdeckermagazin\/wp-content\/uploads\/2016\/08\/miomente-partner-vinothek-weingut-neuspergerhof-location-600x400.jpg\" class=\"attachment-us_600_400_crop size-us_600_400_crop wp-post-image\" alt=\"Hochwertige und sinnliche Weinseminare am Weingut Neuspergerhof bei Jochen Gradolph | Miomente Entdeckermagazin\" decoding=\"async\" loading=\"lazy\" srcset=\"https:\/\/www.miomente.de\/entdeckermagazin\/wp-content\/uploads\/2016\/08\/miomente-partner-vinothek-weingut-neuspergerhof-location-600x400.jpg 600w, https:\/\/www.miomente.de\/entdeckermagazin\/wp-content\/uploads\/2016\/08\/miomente-partner-vinothek-weingut-neuspergerhof-location-300x200.jpg 300w, https:\/\/www.miomente.de\/entdeckermagazin\/wp-content\/uploads\/2016\/08\/miomente-partner-vinothek-weingut-neuspergerhof-location-768x512.jpg 768w, https:\/\/www.miomente.de\/entdeckermagazin\/wp-content\/uploads\/2016\/08\/miomente-partner-vinothek-weingut-neuspergerhof-location.jpg 1000w\" sizes=\"(max-width: 600px) 100vw, 600px\" \/><\/a><\/div><div class=\"w-vwrapper usg_vwrapper_1 align_left valign_top\"><h2 class=\"w-post-elm post_title usg_post_title_1 align_center entry-title color_link_inherit\"><a href=\"https:\/\/www.miomente.de\/entdeckermagazin\/weingut-neuspergerhof-eventlocation\/\">Vinothek Weingut Neuspergerhof \u2013 Eventlocation in der N\u00e4he von Karlsruhe und Mannheim<\/a><\/h2><div class=\"w-post-elm post_content usg_post_content_1\">In traumhafter Idylle umgeben von gr\u00fcnen Weinbergen liegt das charmante Weingut der Familie Gradolph. Geduld, Liebe zur Natur und ein nachhaltiges Umweltkonzept&hellip;<\/div><\/div>\t\t<\/div>\n\t<\/article>\n<\/div><div class=\"w-grid-preloader\"><div class=\"g-preloader type_1\">\n\t<div><\/div>\n<\/div>\n<\/div>\t<div class=\"w-grid-json hidden\" onclick='return {&quot;action&quot;:&quot;us_ajax_grid&quot;,&quot;ajax_url&quot;:&quot;https:\\\/\\\/www.miomente.de\\\/entdeckermagazin\\\/wp-admin\\\/admin-ajax.php&quot;,&quot;infinite_scroll&quot;:0,&quot;max_num_pages&quot;:1,&quot;pagination&quot;:&quot;none&quot;,&quot;permalink_url&quot;:&quot;https:\\\/\\\/www.miomente.de\\\/entdeckermagazin\\\/wp-json\\\/wp\\\/v2\\\/pages\\\/5601&quot;,&quot;template_vars&quot;:{&quot;columns&quot;:&quot;3&quot;,&quot;exclude_items&quot;:&quot;none&quot;,&quot;img_size&quot;:&quot;us_600_400_crop&quot;,&quot;ignore_items_size&quot;:0,&quot;items_layout&quot;:&quot;38703&quot;,&quot;items_offset&quot;:&quot;1&quot;,&quot;load_animation&quot;:&quot;none&quot;,&quot;overriding_link&quot;:&quot;none&quot;,&quot;post_id&quot;:5601,&quot;query_args&quot;:{&quot;post_type&quot;:[&quot;post&quot;],&quot;tax_query&quot;:[{&quot;taxonomy&quot;:&quot;category&quot;,&quot;field&quot;:&quot;slug&quot;,&quot;terms&quot;:[&quot;eventlocations-in-karlsruhe&quot;]}],&quot;post_status&quot;:[&quot;publish&quot;],&quot;posts_per_page&quot;:&quot;500&quot;},&quot;orderby_query_args&quot;:{&quot;orderby&quot;:{&quot;title&quot;:&quot;ASC&quot;},&quot;order&quot;:&quot;ASC&quot;},&quot;type&quot;:&quot;grid&quot;,&quot;us_grid_ajax_index&quot;:1,&quot;us_grid_filter_params&quot;:null,&quot;us_grid_index&quot;:1,&quot;_us_grid_post_type&quot;:&quot;post&quot;}}'><\/div>\n\t<\/div><\/div><\/div><\/div><\/div><\/div><\/div><\/div><\/div><\/div><\/section>\n","protected":false},"excerpt":{"rendered":"Daten zur Location: Adresse: Weingut Neuspergerhof, Neuspergerhof, 76865 Rohrbach Personenzahl:\u00a040 Personen Parkpl\u00e4tze:\u00a0Kostenlos auf dem Weingut Anfahrt mit \u00f6ffentlichen Verkehrsmitteln: PKW oder mit der Bahn an den Bahnhof Rohrbach ( Fu\u00dfweg zum Weingut ca. 10 Minuten). Bahnanbindung nach Karlsruhe und Mannheim. Besonderheiten:\u00a0Nachhaltigkeit und Tradition ist dem Team des Weinguts sehr wichtig. Das \u00f6kologische Weingut\u00a0und die Leidenschaft...","protected":false},"author":1,"featured_media":0,"parent":0,"menu_order":0,"comment_status":"closed","ping_status":"closed","template":"","meta":[],"aioseo_notices":[],"_links":{"self":[{"href":"https:\/\/www.miomente.de\/entdeckermagazin\/wp-json\/wp\/v2\/pages\/5601"}],"collection":[{"href":"https:\/\/www.miomente.de\/entdeckermagazin\/wp-json\/wp\/v2\/pages"}],"about":[{"href":"https:\/\/www.miomente.de\/entdeckermagazin\/wp-json\/wp\/v2\/types\/page"}],"author":[{"embeddable":true,"href":"https:\/\/www.miomente.de\/entdeckermagazin\/wp-json\/wp\/v2\/users\/1"}],"replies":[{"embeddable":true,"href":"https:\/\/www.miomente.de\/entdeckermagazin\/wp-json\/wp\/v2\/comments?post=5601"}],"version-history":[{"count":0,"href":"https:\/\/www.miomente.de\/entdeckermagazin\/wp-json\/wp\/v2\/pages\/5601\/revisions"}],"wp:attachment":[{"href":"https:\/\/www.miomente.de\/entdeckermagazin\/wp-json\/wp\/v2\/media?parent=5601"}],"curies":[{"name":"wp","href":"https:\/\/api.w.org\/{rel}","templated":true}]}}